 = n*u - 10*u + 2 + 2 + 8*u. What is j(-9)?
-5
Let m(y) = 3*y**2 - 7 + 9*y + 4*y**3 + 4*y**2 - 5*y**3. Let x(o) = -o**3 - 2*o**2 - 7*o - 22. Let i be x(-3). Calculate m(i).
1
Suppose -5*s = -2*x + 30, s - 4 = -4*x - 3*s. Let r be (-19)/(-5) - (-1)/x. Let q(o) = 3*o - 6. Let j be q(r). Let i(h) = -h**3 + 7*h**2 - 8*h. Calculate i(j).
-12
Let w(f) = 11 + 700271*f + 0 + 2*f**2 + 9 - 700290*f + 0*f**2. Calculate w(8).
-4
Let c(h) = -h**3 - 3*h**2 + 12*h + 1. Let y = -43 - -42. Let r be 4*-4*(-3)/16 + y. Let j be c(r). Let w(g) = -2*g + 2. Determine w(j).
-8
Let l(p) = 10*p + 1. Let n(i) = 2*i**2 - 8*i + 13. Let d be n(6). Let r = d - 40. Let g be -2*(-1)/6*r. What is l(g)?
-9
Let k = -204 - -206. Let v(p) = -12*p**2 + 3*p**3 - 195 + 80 - k*p**3 + 100. Give v(12).
-15
Let i(r) be the second derivative of -r**5/20 + 3*r**4/4 + 11*r**3/6 + 11*r**2/2 + 705*r. Determine i(10).
21
Let w(g) be the second derivative of g**5/20 + g**4/6 - g**3/2 - 3*g**2 + 11*g. Let o = -86 - -39. Let b = o + 43. Give w(b).
-26
Let x(q) = -2 - 2 + 6*q + 3 - 1. Let w = -205 - -342. Let u = w + -135. Give x(u).
10
Let z(d) be the first derivative of d**4/4 + 14*d**3/3 + 17*d**2/2 - 12*d - 1102. What is z(-13)?
-64
Let b be (-2)/5 + 40978/70. Let x(h) = -h**3 - b*h**2 + 6 + 288*h**2 + 290*h**2 - 6*h. Let o(d) = 2*d + 2. Let f be o(-4). Determine x(f).
6
Let n(t) = -2002 - 2128 + 4123 - 45*t. Determine n(-1).
38
Let r(a) be the third derivative of a**4/24 + 7*a**3/3 + 5*a**2 - 69*a. Give r(-19).
-5
Let a(h) = h**2 + 7 + 2*h - 8 + 0. Let f be (-1 - -2) + (-5)/((-15)/(-186)). Let o = f + 58. What is a(o)?
2
Suppose 2*x - 3 = -w - 4, -35*w + 4*x = -409. Let m(a) = 2*a - 49. Give m(w).
-27
Suppose -6*p + 25*p - 242 = -3*p. Let d(t) = -2*t**2 + 18*t - 27. Calculate d(p).
-71
Let k = 781 - 779. Let b(s) = -537*s**2 + s + 538*s**k + 3 - 6*s. What is b(3)?
-3
Let u(g) = -1 - 13*g - 3 + 5. Let i(m) = 2*m**2 + 16*m - 17. Let c be ((-16)/16)/((-2)/(-18)). Let l be i(c). Determine u(l).
-12
Let h(t) = -18 + 11 + 19*t**3 - 21906*t**2 + 5*t + 21908*t**2. Give h(1).
19
Let i(c) = -238 + c**2 - 215 + 481 + 25*c. Determine i(-23).
-18
Let c(o) be the second derivative of o**5/10 + 23*o**4/12 + 2*o**3 + o**2 - 2219*o. Determine c(-11).
-9
Let q(a) = 88 + 19*a - 136 + 144. Calculate q(-5).
1
Let m(t) = -1340*t + 13397. Let b be m(10). Let c(f) be the first derivative of 2*f**3/3 - 3*f**2/2 + 3*f + 1. Give c(b).
30
Let j(w) be the first derivative of -4/3*w**3 - 36 + 3/2*w**2 - 3*w. What is j(2)?
-13
Let x be (-580)/(-52) - (-6)/(-39). Let a(k) = 2*k - 21. Let j be a(x). Let y = -2 - j. Let f(c) = c - 3. Determine f(y).
-6
Let v be (1/(-3))/((-5)/60). Let s be 2 - (v/(-1))/1. Let h(b) = b - 54. Let j(d) = -4*d + 233. Let y(g) = 13*h(g) + 3*j(g). Determine y(s).
3
Let r(v) = v**3 + 23*v**2 + 2*v + 42. Let g be (-1139)/51 + -1*(-4)/(-6). Give r(g).
-4
Let a(b) = -b**3 + 18*b**2 - 17*b + 8. Let d be a(17). Let u(n) = 3*n**2 + 57*n - 43. Let y(i) = i**2 + 20*i - 14. Let r(h) = d*y(h) - 3*u(h). Give r(-12).
5
Let k(c) = c**3 + 17*c**2 - 18*c - 2. Suppose 7*w + j + 17 = 6*w, 3*j = -5*w - 87. What is k(w)?
-2
Let u = -70 - 16. Let o = u - 18. Let s = 97 + o. Let h(q) = -q**3 - 6*q**2 + 8*q + 2. Give h(s).
-5
Let t(o) be the third derivative of 7*o**4/12 - 83*o**3/3 - 83*o**2 - 12. Calculate t(13).
16
Let v(z) be the second derivative of -z**5/30 + 3*z**4/8 - z**3/3 - 21*z**2 + 66*z. Let q(o) be the second derivative of v(o). Give q(6).
-15
Let t(p) = p**3 - 8*p**2 + 8*p - 4. Let v = 542 - 521. Suppose -v*j + 56 = -91. Calculate t(j).
3
Let o(n) = 4*n**2 - 29*n - 7. Let d(h) = -h**2 + 7*h + 9. Let y(k) = -3*d(k) - o(k). What is y(5)?
-5
Suppose -4*v + 12*l = 14*l + 4, 0 = -4*v - 4*l - 16. Let a(b) = -2*b**3 - 2*b + 7. Give a(v).
-13
Let r(y) = -3*y - 1. Let m be r(1). Let i(g) be the first derivative of -g**3/3 - 4*g + 14299. Calculate i(m).
-20
Let h be (-3 - -2)/1 - 1. Let u(y) = -11*y**2 - 3*y + 7*y**2 - 1 + 0*y - 1 + y**2. Give u(h).
-8
Suppose 5*h - n = 22, -n = -3*n - 4. Let x be ((-152)/(-8) - 9)*(-2)/h. Let r(y) = y**3 + 7*y**2 + 8*y + 3. What is r(x)?
13
Let f(o) = -12*o + 1065*o**2 - 1067*o**2 - o - o + o**3 + 7. Give f(-3).
4
Let m(s) = -152*s**2 + 67*s + 324. Let r(n) = 29*n**2 - 14*n - 65. Let q(w) = 4*m(w) + 21*r(w). Determine q(28).
-13
Let z(l) = -9*l**2 - l. Let t = -3 - -2. Let h(b) = -18*b + 434. Let v be h(24). Let n be (0 - t)/(-6 + 3 + v). Calculate z(n).
-8
Let g(j) = -7*j + 2. Let r be g(5). Let f be -21*(52/(-6) - -7). Let s = r + f. Let h(n) = -n**3 + 3*n**2 - n - 2. Determine h(s).
0
Let h(n) = 3*n**3 + 17*n**2 - 3*n + 33. Let u(t) = 16*t**3 + 94*t**2 - 16*t + 166. Let c(j) = 11*h(j) - 2*u(j). Determine c(0).
31
Suppose 2*p + 19 - 13 = 0, -c - 2 = 2*p. Let w(t) = 10*t**2 - 5*t + 11. Calculate w(c).
151
Let n(x) = x + 17. Let p(j) = 15. Let d = -223 + 219. Let s(r) = d*n(r) + 5*p(r). What is s(7)?
-21
Let h(x) be the first derivative of -x**6/360 + x**5/40 + x**4/24 - 50*x**3/3 - x**2/2 + 99. Let y(w) be the third derivative of h(w). Determine y(5).
-9
Let h(x) be the third derivative of 1/60*x**5 + 7/24*x**4 + 5/6*x**3 + 0*x + 40*x**2 + 0. Let c(s) = -s**2 + 2*s + 2. Let u be c(-2). Determine h(u).
-1
Let n(a) = 103 + 113 + 116 - 10*a - 288. Give n(11).
-66
Let j(s) be the third derivative of s**4/24 - 19*s**3/3 + 39*s**2. What is j(16)?
-22
Let b(i) = -i**3 + 11*i**2 - 11*i + 6. Let l = 195 - 257. Let h be l/589 + 384/38. Give b(h).
-4
Let s(y) = -y**2 - 2. Let n be 6/10 + 291/15. Let b be 2*(0 + -1)*(-455)/182. Suppose 5*w = -n - b. What is s(w)?
-27
Let h = 149 + -139. Let d(g) = -6 - 3*g + 2 + 2*g + h. Give d(9).
-3
Let k(z) = -7*z - 85*z**2 + 164 + 94*z**2 - z**3 - 169. Determine k(6).
61
Let n = -2 - 4. Let v(b) be the third derivative of 2/3*b**3 + 0 - 7/24*b**4 + 0*b - 1/60*b**5 - 269*b**2. Calculate v(n).
10
Let g(u) = u**2 + 22*u + 39. Suppose -l + 2*j = 21 - 33, 0 = 3*j + 21. Determine g(l).
-1
Let j be 28/8*(5 + 0 + -3). Let n(t) be the second derivative of -t**4/12 + 5*t**3/6 + 3*t**2 - t - 50. Determine n(j).
-8
Let z(y) be the third derivative of y**7/2520 - y**6/240 - 14*y**5/15 - y**4/12 + 95*y**2 + 2*y. Let d(s) be the third derivative of z(s). What is d(-4)?
-11
Suppose 0 = 3*i + j + 288, -i - 8*j + 5*j - 104 = 0. Let p be 4 + 19/(i/30). Let l(r) = r**2 - 3. Give l(p).
1
Suppose -5*h + 10 = -15. Let o(t) = -3 - 1 + 4*t + 0*t - h*t. Suppose -2*l + 5 = -5*v - 3*l, -4*l = v + 20. Determine o(v).
-4
Let g(s) = -4*s**2 - 66*s - 96. Let q be g(-15). Let a(z) = -5*z**3 - z**3 + 8*z**3 + 7*z**2 - z**3 + 6*z - 3. Determine a(q).
-3
Suppose -3*j + 9 + 99 = 0. Let s(k) = -k**2 + k**2 + k**2 + j + 5*k - 32. Suppose -2*q = 5*h + 30, -11*h = -7*h - 3*q + 24. Determine s(h).
10
Let v(t) = -5*t + 24. Let z(r) = 4*r - 22. Let f(l) = -5*v(l) - 6*z(l). Let y = -24 + 28. Suppose -5 = 5*x - y*x. Determine f(x).
7
Let d = -25 + 45. Suppose 0 = 12*q - 17*q - d. Let b(g) be the third derivative of g**4/24 + g**2. Determine b(q).
-4
Let n(g) be the second derivative of -1/20*g**5 + 3*g**2 - 5/3*g**3 - 79*g + 0 + 5/6*g**4. Determine n(9).
-3
Let a(v) = 4*v - 2*v + 35*v - 40*v - 24. Calculate a(-7).
-3
Let n(l) = -26*l - 27. Let y(k) be the first derivative of -9*k**2/2 - 10*k - 149. Let c(t) = -4*n(t) + 11*y(t). Calculate c(8).
38
Let r = -82 + 114. Suppose -3*q + 5*u = -r, 3 = -4*q - 4*u + 35. Let n(o) = -o + 3 - q + 7. Give n(1).
0
Let m(i) = -2 + i + 1 - 81*i**2 - 81*i**2 + 161*i**2. Suppose -7 = 3*f - 5*q - 0*q, 7 = 3*f + 2*q. What is m(f)?
-1
Suppose -5*j - 4*c + 34 = 0, -62*j - 4*c - 56 = -66*j. Let a(q) = q**3 - 10*q**2 - 2*q - 5. Determine a(j).
-25
Let a(u) be the third derivative of u**6/120 + u**5/12 + u**4/6 + 2*u**3/3 - 1375*u**2. Suppose -10 + 2 = -2*x, 2*m = 3*x - 20. Determine a(m).
4
Let r = 76 + 660. Suppose 3*b = r - 718. Let k(z) = -8*z**3 - z**2 - 6*z - 4. Let i(p) = -7*p**3 - 5*p - 3. Let q(v) = 7*i(v) - 6*k(v). What is q(b)?
9
Let u(v) = -v**2 + 41*v + 113. Let a be u(22). Let j = a - 530. Let n(s) = -s - 2. Determine n(j).
-3
Let i(v) = v. Let n = -10 + 16. Suppose -2*q + q - n = -r, 2*q = -3*r + 13. Suppose 0 = -2*k + h - 19, -2*k + r*h = 7*h + 4. What is i(k)?
-7
Let m(t) = 16 - 37 + 1 + 8 + 10 + 39*t. Give m(0).
-2
Let m(z) = 0*z**3 - z**3 + 157*z**2 + 